in base 8?
0
What is -246 (base 8) in base 10?
-166
4 (base 11) to base 16
4
What is 2 (base 6) in base 7?
2
What is -2 (base 3) in base 16?
-2
What is 11 (base 5) in base 11?
6
16 (base 15) to base 12
19
Convert 4d (base 16) to base 2.
1001101
What is 35 (base 9) in base 6?
52
What is -3 (base 16) in base 4?
-3
75 (base 16) to base 15
7c
What is 0 (base 4) in base 16?
0
What is -110 (base 3) in base 6?
-20
-d (base 15) to base 8
-15
What is -34 (base 5) in base 11?
-18
4 (base 13) to base 6
4
Convert -4 (base 8) to base 10.
-4
2 (base 7) to base 15
2
Convert -232 (base 4) to base 12.
-3a
Convert 2 (base 12) to base 10.
2
22 (base 7) to base 15
11
Convert 1 (base 11) to base 4.
1
What is 43 (base 7) in base 15?
21
-11 (base 15) to base 3
-121
-3 (base 4) to base 5
-3
75 (base 12) to base 16
59
2022 (base 3) to base 14
46
-10 (base 2) to base 7
-2
Convert 8 (base 12) to base 3.
22
Convert -2 (base 11) to base 8.
-2
110 (base 4) to base 8
24
Convert 20 (base 3) to base 7.
6
What is 15 (base 11) in base 13?
13
-111000 (base 2) to base 3
-2002
3 (base 7) to base 6
3
Convert -3 (base 6) to base 3.
-10
What is 7c (base 15) in base 5?
432
What is d (base 15) in base 12?
11
Convert 26 (base 9) to base 6.
40
cb (base 13) to base 4
2213
Convert -2202 (base 5) to base 3.
-102012
What is -272 (base 11) in base 15?
-166
10 (base 6) to base 5
11
Convert 3 (base 6) to base 10.
3
3 (base 7) to base 10
3
10 (base 6) to base 15
6
What is 10000 (base 2) in base 7?
22
-1 (base 16) to base 5
-1
Convert -12 (base 7) to base 13.
-9
What is 2043 (base 5) in base 14?
157
-111 (base 2) to base 8
-7
2 (base 13) to base 2
10
0 (base 13) to base 12
0
1 (base 7) to base 15
1
-1241 (base 5) to base 2
-11000100
Convert 2101 (base 4) to base 3.
12101
What is -330 (base 4) in base 12?
-50
Convert 11 (base 11) to base 15.
c
Convert 11010 (base 2) to base 12.
22
What is -151 (base 12) in base 13?
-12a
0 (base 4) to base 12
0
What is -202 (base 7) in base 13?
-79
Convert -245 (base 7) to base 3.
-11212
-2 (base 12) to base 3
-2
-67 (base 12) to base 9
-87
Convert 0 (base 16) to base 9.
0
-100 (base 2) to base 13
-4
Convert -1 (base 16) to base 8.
-1
What is -1112 (base 4) in base 10?
-86
-5 (base 10) to base 13
-5
What is -7b (base 14) in base 11?
-9a
Convert 124 (base 5) to base 11.
36
Convert 24 (base 8) to base 6.
32
Convert 6 (base 13) to base 7.
6
Convert -c4 (base 15) to base 7.
-352
10 (base 2) to base 10
2
What is 34 (base 6) in base 5?
42
Convert 52 (base 14) to base 8.
110
222 (base 10) to base 15
ec
What is -1111 (base 2) in base 10?
-15
What is -10111 (base 2) in base 10?
-23
Convert 5 (base 15) to base 6.
5
-123 (base 8) to base 5
-313
Convert 2 (base 4) to base 12.
2
What is 135 (base 6) in base 9?
65
Convert -131 (base 6) to base 8.
-67
What is 35 (base 12) in base 13?
32
What is -1001001 (base 2) in base 10?
-73
What is 2 (base 10) in base 4?
2
Convert -2 (base 5) to base 10.
-2
What is -6 (base 12) in base 15?
-6
-123 (base 6) to base 5
-201
What is 4 (base 11) in base 4?
10
-15 (base 12) to base 16
-11
What is 1 (base 11) in base 13?
1
What is 3 (base 16) in base 9?
3
What is -14c (base 14) in base 7?
-525
-57 (base 16) to base 10
-87
What is -78 (base 11) in base 9?
-104
-3 (base 8) to base 14
-3
Convert -1 (base 4) to base 11.
-1
What is 275 (base 10) in base 12?
1ab
3 (base 9) to base 13
3
110 (base 4) to base 7
26
-1 (base 11) to base 5
-1
-7 (base 11) to base 16
-7
What is -21 (base 6) in base 5?
-23
39 (base 10) to base 8
47
Convert -39 (base 15) to base 10.
-54
Convert 118 (base 12) to base 7.
323
What is -2 (base 6) in base 11?
-2
Convert 31 (base 10) to base 15.
21
1 (base 3) to base 4
1
201 (base 3) to base 5
34
Convert -21 (base 6) to base 12.
-11
2 (base 9) to base 16
2
Convert -b (base 16) to base 7.
-14
Convert 2e (base 15) to base 12.
38
What is -51 (base 11) in base 8?
-70
-24 (base 15) to base 11
-31
What is 365 (base 7) in base 14?
dc
Convert -1 (base 13) to base 3.
-1
Convert -1 (base 6) to base 15.
-1
Convert -be (base 16) to base 13.
-118
-215 (base 8) to base 6
-353
12 (base 5) to base 11
7
Convert -2 (base 8) to base 5.
-2
Convert -4 (base 14) to base 13.
-4
-1 (base 9) to base 10
-1
Convert 43 (base 7) to base 13.
25
6 (base 11) to base 3
20
What is -22 (base 3) in base 14?
-8
4 (base 9) to base 2
100
What is 1000 (base 2) in base 5?
13
Convert -1 (base 15) to base 8.
-1
-25 (base 16) to base 3
-1101
What is 1 (base 6) in base 9?
1
-301 (base 7) to base 10
-148
What is 7 (base 12) in base 11?
7
Convert -2 (base 10) to base 8.
-2
20 (base 11) to base 7
31
What is 17 (base 8) in base 2?
1111
Convert -10001111 (base 2) to base 9.
-168
Convert -2 (base 6) to base 11.
-2
Convert 17 (base 11) to base 6.
30
Convert bc (base 14) to base 11.
141
Convert 15 (base 13) to base 10.
18
What is 3 (base 13) in base 9?
3
What is 16 (base 15) in base 5?
41
Convert 28 (base 13) to base 14.
26
Convert 7 (base 12) to base 13.
7
101001 (base 2) to base 7
56
-30 (base 4) to base 14
-c
Convert -4 (base 8) to base 7.
-4
-2 (base 14) to base 5
-2
Convert -3 (base 15) to base 5.
-3
What is -e (base 16) in base 14?
-10
-13 (base 6) to base 16
-9
Convert 2 (base 13) to base 14.
2
-102 (base 3) to base 11
-10
Convert -1110 (base 2) to base 3.
-112
Convert 10110 (base 2) to base 3.
211
What is 1 (base 12) in base 6?
1
What is -24 (base 8) in base 3?
-202
Convert 30 (base 13) to base 4.
213
11 (base 3) to base 9
4
8 (base 10) to base 13
8
What is 53 (base 8) in base 15?
2d
What is 17 (base 11) in base 9?
20
Convert -27 (base 13) to base 15.
-23
-15f (base 16) to base 7
-1011
What is -388 (base 10) in base 16?
-184
-2a (base 14) to base 16
-26
10000101 (base 2) to base 10
133
-3 (base 14) to base 2
-11
Convert 59 (base 12) to base 7.
126
What is 153 (base 9) in base 14?
93
Convert 6 (base 16) to base 11.
6
Convert 43 (base 7) to base 16.
1f
Convert -9a (base 12) to base 4.
-1312
Convert -59 (base 11) to base 9.
-71
1 (base 5) to base 6
1
Convert 128 (base 11) to base 9.
177
-10110010 (base 2) to base 9
-217
-1 (base 2) to base 13
-1
Convert 5 (base 12) to base 5.
10
Convert 110 (base 2) to base 14.
6
-3 (base 11) to base 13
-3
Convert -4 (base 5) to base 12.
-4
Convert 304 (base 8) to base 4.
3010
What is -12 (base 9) in base 7?
-14
41 (base 13) to base 8
65
1001111 (base 2) to base 9
87
-21 (base 10) to base 2
-10101
Convert -1 (base 8) to base 5.
-1
12 (base 3) to base 8
5
Convert 21 (base 8) to base 10.
17
What is -1 (base 6) in base 13?
-1
Convert -110 (base 3) to base 5.
-22
-9 (base 11) to base 2
-1001
a1 (base 16) to base 14
b7
Convert -2 (base 9) to base 8.
-2
What is 1120 (base 3) in base 13?
33
-5 (base 12) to base 11
-5
What is -400 (base 6) in base 9?
-170
What is -44 (base 6) in base 7?
-40
4 (base 5) to base 4
10
What is 7 (base 15) in base 3?
21
34 (base 13) to base 2
101011
Convert 0 (base 6) to base 10.
0
-1 (base 9) to base 15
-1
Convert -223 (base 4) to base 16.
-2b
-77 (base 12) to base 15
-61
12 (base 5) to base 11
7
23 (base 16) to base 15
25
Convert -12 (base 7) to base 9.
-10
Convert 32 (base 6) to base 8.
24
Convert -23 (base 10) to base 4.
-113
What is 2 (base 3) in base 11?
2
Convert -31 (base 6) to base 4.
-103
1200 (base 3) to base 9
50
What is 230 (base 11) in base 15?
135
Convert -1a (base 14) to base 8.
-30
0 (base 15) to base 6
0
12 (base 11) to base 2
1101
Convert -2 (base 7) to base 16.
-2
Convert 10 (base 3) to base 12.
3
30 (base 12) to base 6
100
What is 13 (base 12) in base 6?
23
What is -3 (base 9) in base 10?
-3
-2 (base 13) to base 5
-2
What is -110010 (base 2) in base 7?
-101
What is 170 (base 14) in base 8?
446
Convert b (base 14) to base 11.
10
1132 (base 7) to base 10
415
10110011 (base 2) to base 11
153
1 (base 11) to base 13
1
-8 (base 16) to base 3
-22
-75 (base 13) to base 16
-60
10 (base 5) to base 13
5
Convert -130 (base 6) to base 8.
-66
223 (base 4) to base 5
133
What is 4 (base 10) in base 3?
11
What is 11121 (base 3) in base 16?
7c
What is -2 (base 16) in base 6?
-2
Convert 9 (base 16) to base 4.
21
What is -8 (base 10) in base 7?
-11
Convert -112 (base 4) to base 12.
-1a
What is -98 (base 13) in base 7?
-236
Convert -200 (base 5) to base 14.
-38
What is -1 (base 6) in base 3?
-1
Convert -3 (base 5) to base 13.